1 = 0, -2*j - 2 = -2*q - l. Suppose 0 = -q*r - 31 + 563. What are the prime factors of r?
7, 19
Let b = 37 + -36. Let h be 772 + (-4 + 4)*b/2. Suppose 6*x - h = 2*x. What are the prime factors of x?
193
Let b = 1227 - 1898. Let o = b - -1409. List the prime factors of o.
2, 3, 41
Let s(q) = 590*q - 70. Let y(w) = 197*w - 23. Let p(b) = -4*s(b) + 11*y(b). What are the prime factors of p(-3)?
2, 3, 101
Let c(j) = -j**2 + 22*j - 119. Let u be c(11). Suppose 4*b = r - u*r + 342, 5*b = -r + 342. List the prime factors of r.
2, 3, 19
Let s(g) = -g + 1. Let d be s(-2). Suppose -d*c = -11 - 1. Suppose 2*f = -5*b + f + 354, c*f + 75 = b. What are the prime factors of b?
71
Let j = 20140 - 11697. What are the prime factors of j?
8443
Let o(l) = -l**3 + 10*l**2 - 6*l - 22. Let x be o(9). Suppose 0 = -5*g + 10, 0*g - 34 = -x*c + 3*g. Let b(s) = 2*s + 15. List the prime factors of b(c).
31
Let o = 1949 - 853. List the prime factors of o.
2, 137
Let z(r) = r**3 - 20*r**2 + 43*r + 23. Let k be z(18). Let y be 14/((-34)/(-12) + -3). Let u = y + k. What are the prime factors of u?
5, 13
Suppose 0 = -3*q - 3, 4*f - 11*q = -10*q + 42121. List the prime factors of f.
2, 3, 5, 13
Let l(n) = 3*n**2 - 5*n - 11. Suppose -a - 2*a - 21 = 3*m, 5 = 5*m. Let g be l(a). Suppose -395 - g = -8*i. What are the prime factors of i?
7, 11
Let t(q) = 19*q**2 - 7*q + 8. Let p be t(12). Suppose -4*a = -11*a + p. What are the prime factors of 6/(-9) + a/3 + 0?
2, 3, 7
Let k(x) = -913*x - 1313. List the prime factors of k(-5).
2, 3, 271
What are the prime factors of 45410/(-3)*(10/(-30) + (-52)/60)?
2, 19, 239
List the prime factors of 17 + (9429 - (-140)/10).
2, 5, 11, 43
Let d be (-19)/5 - 5/25 - -51. Let s = 1 + d. Suppose -3*n - 2*m = -7 - 41, 3*n = 5*m + s. What are the prime factors of n?
2
Suppose 377192 = 47*y - 101902 - 6745. What are the prime factors of y?
10337
Let b = 51981 - 19686. List the prime factors of b.
3, 5, 2153
Let b(x) = 11*x**2 - 2*x + 42. List the prime factors of b(-10).
2, 7, 83
Let b = 43557 - 8530. What are the prime factors of b?
35027
Suppose 4*s = -5*n + 16949, -570 + 7360 = 2*n - s. Let u = 4860 - n. What are the prime factors of u?
3, 163
Suppose -2*i + 27 - 13 = 0. Suppose -i*t = -4*k - 3*t + 716, 2*k = -5*t + 323. What are the prime factors of k?
2, 3, 29
Let d(o) = -o**3 - 40*o**2 + 794*o - 609. List the prime factors of d(-67).
2, 7, 29, 83
Let d be -3 + (1*-6)/(9/(-24)). Suppose i - 42 = -d*i. Suppose 0*o + i*o = 213. What are the prime factors of o?
71
What are the prime factors of -16 + 8164 + 72/(-8)?
3, 2713
Let k = 83 - 81. Suppose 7 + 5 = -4*t, 5*j + k*t - 444 = 0. List the prime factors of j.
2, 3, 5
Let r(s) = s**3 + 10 + 35*s - 2 + 10 + 0*s**3 + 23*s**2. Suppose -16*f = 174 + 162. What are the prime factors of r(f)?
3, 5, 11
Let b = -20994 + 30459. What are the prime factors of b?
3, 5, 631
Let u = 18 - -2. Let z = -17 + u. Suppose 2*n = -z*l + 20, -5*l + n = -4*n. What are the prime factors of l?
2
Let z(y) = 1710*y**2 + y + 5. What are the prime factors of z(-2)?
3, 2281
Suppose 2851 = p + 5*w, -526*p + 4*w = -531*p + 14192. List the prime factors of p.
2, 709
Suppose 108*x - 111*x + 417 = 0. Suppose 2 + 13 = 5*q. Suppose 85 + x = 5*w + 2*d, 2*w - 82 = q*d. What are the prime factors of w?
2, 11
Suppose 4*b + 0*b = -5*h + 7303, -1830 = -b + 3*h. List the prime factors of b.
3, 7, 29
Let x be (-332)/10 - 16/(-80). Let h = x + 36. Suppose -3*n - n + 3*i + 330 = 0, 0 = n - h*i - 87. What are the prime factors of n?
3
Let j = 4785 + 1995. List the prime factors of j.
2, 3, 5, 113
Suppose 3*j = -3*w + 43104, -4*w + 158*j = 153*j - 57508. What are the prime factors of w?
2, 3593
Let v(g) = 4*g**2 + 3*g + 2. Let i be v(-1). Suppose 16*w - 426 = 12*w + 3*p, 0 = i*w - 3*p - 321. List the prime factors of w.
3, 5, 7
Suppose 22*t - 100891 = 69389. What are the prime factors of t?
2, 3, 5, 43
Let y be ((-21240)/26)/(-6) - (-4)/(-26). Suppose 135*c - y*c = -317. What are the prime factors of c?
317
Let s(q) = 153*q**2 + 36*q - 96. What are the prime factors of s(12)?
2, 3, 233
Let f be 6/21 - 231/(-49). Suppose -15 = -f*t - 0. Suppose -t*b + 144 = -4*d - 40, 0 = -b - 5*d + 55. What are the prime factors of b?
2, 3, 5
Let j = 247 + -203. Suppose j*m - 727 = 43*m. What are the prime factors of m?
727
Let m = 6119 - -8461. What are the prime factors of m?
2, 3, 5
Suppose -2*m - b = 4, m - 4*m + 12 = -3*b. Suppose m = 3*q + 1085 + 1015. List the prime factors of q/(-6) + (-12)/(-36).
3, 13
Let y(u) = 74*u**3 - 3*u**2 + 8*u - 10. Let z be y(2). What are the prime factors of 2*z/3*(-297)/(-198)?
2, 293
Let k(p) = -2*p**2 + 24*p + 16. Let h be k(12). Suppose -h*v = -2926 + 286. List the prime factors of v.
3, 5, 11
Let t = 58488 + -34994. List the prime factors of t.
2, 17, 691
Let h(n) = 4*n - 81. Let v be h(35). Suppose v*b = 50*b + 783. What are the prime factors of b?
3, 29
Let f be -78*(140/15)/(-4). Suppose 2*r + 3*h = 77 + 61, -288 = -4*r - 3*h. Let q = f - r. What are the prime factors of q?
107
Let g be ((-15)/(-9))/(-5)*6093/3. Let m = g + 1113. What are the prime factors of m?
2, 109
Let y be ((-10)/8)/(50/16 + -3). Let m = 6 + y. List the prime factors of (118/m)/(13/(-4) + 3).
2, 59
List the prime factors of (-18579*(-10)/(-15))/(1 + -3).
11, 563
Let p be (-8)/(-6)*(60/8 - 3). Let w = -1 + p. Let k(u) = 12*u - 20. What are the prime factors of k(w)?
2, 5
Suppose 26*y - 30 = 178. Suppose y*f - 726 = 4458. What are the prime factors of f?
2, 3
List the prime factors of 135 - (-1)/(-9*(-7)/441).
2, 71
Suppose 6354 - 279874 = -13*l - 3*l. List the prime factors of l.
5, 13, 263
Suppose 241*k - 8318592 - 10402047 = 0. What are the prime factors of k?
3, 7, 137
Let k(h) = h - 9. Let v be k(9). Suppose 0*u - u + 112 = v. List the prime factors of u.
2, 7
Suppose 0 = -5*t - 40, 0 = 3*h + t - 2*t - 90665. List the prime factors of h.
3, 7, 1439
Suppose -z + 2703 = 5*g, 2*z + 545 = -g + 2*g. Let n = g - 360. List the prime factors of n.
181
Suppose 2*j - 7719 = -5*v, -30*v + 3075 = -28*v + 5*j. List the prime factors of v.
3, 5, 103
Suppose 0 = 4*c - 5*c. Suppose 2*p + 5*b - 1166 = c, -p - 3*b + 582 = -0*p. Suppose -p = -7*v + 301. What are the prime factors of v?
127
Let h(z) = -z**2 - z + 9. Let v be (-6)/(-5)*((-66)/(-12) + -3). Let l be h(v). What are the prime factors of (1/(-2)*-74)/((-1)/l)?
3, 37
Let a = -271 - -278. List the prime factors of 18/2 - (a - 571).
3, 191
Let w(y) = 174*y**2 + 193*y - 260. What are the prime factors of w(10)?
2, 5, 1907
Let d(r) = r + 352. Let h be d(0). Let y(i) = -36*i - 1265. Let z be y(-41). Let l = h - z. List the prime factors of l.
3, 47
Let o = -1523 - -3354. List the prime factors of o.
1831
Suppose 2372 = 13*d - 9*d. Let c be (-7)/28 - d/(-4). Let s = c + -46. List the prime factors of s.
2, 3, 17
Suppose r + 15 = 20. Suppose -w = -2*j - 9, -w + 5*w = r*j + 30. What are the prime factors of w*(3 + 14) - 0?
5, 17
Suppose -176 + 171 = s + a, 0 = 3*a - 9. Let t(o) = 2 + 6 - 20*o + 14. List the prime factors of t(s).
2, 7, 13
Suppose -5*t = 3*b + 2*b - 240, 2*b + t = 92. Suppose 49*r = b*r. Suppose r = q - 4*q + 504. What are the prime factors of q?
2, 3, 7
Let h = 114 + -118. List the prime factors of h/(18/(-189)*3/17).
2, 7, 17
Let z(f) = -3953*f - 742. List the prime factors of z(-15).
11, 5323
Let w be 3/6*(7 + 3). Suppose 5*l - 9 = -w*s + 6, s = -4*l + 9. Suppose f - 4*f = -4*x - 255, 0 = -l*x + 6. What are the prime factors of f?
89
Suppose -2*h = 3*b - 11, -4 = -0*b - b - h. Suppose -l + b*v = -2*v - 327, 1392 = 4*l + v. Suppose -5*u + l = -273. What are the prime factors of u?
2, 31
Suppose 3*f - 3701 = -d - 3*d, 4*d + 1239 = f. Suppose 12*j - f = 277. What are the prime factors of j?
2, 3, 7
Let t be (-2 + 3)/((-4)/(-4180)). Suppose 3*h - t = -118. What are the prime factors of h?
3, 103
Suppose -2*c = -5*z - 3566 - 1720, 13215 = 5*c - 5*z. List the prime factors of c.
3, 881
Let w be -3 - 45/(-6) - 1/(-2). Suppose -5*y - 4*v + 622 = 0, 3*y - v + w*v - 370 = 0. What are the prime factors of y?
2, 3, 7
Let r(i) = 9*i**3 - 2*i**3 - 2*i - 8*i**3 + i. Let t(h) = 6*h**3 + 19*h**2 - 10*h - 6. Let u(x) = 4*r(x) + t(x). List the prime factors of u(-10).
2, 17
Let v be (15/5)/((-3)/18*-2). Let j be 12